s divided by 296.
122
What is the remainder when 1602 is divided by 23?
15
What is the remainder when 21657 is divided by 21641?
16
What is the remainder when 119305 is divided by 872?
713
Calculate the remainder when 1554 is divided by 520.
514
What is the remainder when 101470 is divided by 302?
300
What is the remainder when 16237 is divided by 27?
10
Calculate the remainder when 2720 is divided by 4.
0
What is the remainder when 135099 is divided by 25?
24
Calculate the remainder when 34376 is divided by 6874.
6
What is the remainder when 9139 is divided by 58?
33
Calculate the remainder when 11311 is divided by 11305.
6
Calculate the remainder when 56402 is divided by 912.
770
Calculate the remainder when 82670 is divided by 313.
38
Calculate the remainder when 8035 is divided by 178.
25
Calculate the remainder when 135887 is divided by 719.
715
Calculate the remainder when 10208 is divided by 341.
319
Calculate the remainder when 7268182 is divided by 798.
796
Calculate the remainder when 2091 is divided by 2051.
40
Calculate the remainder when 1448382 is divided by 5210.
2
Calculate the remainder when 12817 is divided by 474.
19
What is the remainder when 52471 is divided by 417?
346
Calculate the remainder when 75289 is divided by 16.
9
What is the remainder when 164391 is divided by 459?
69
What is the remainder when 1315 is divided by 52?
15
What is the remainder when 8685 is divided by 819?
495
Calculate the remainder when 3639084 is divided by 106.
104
What is the remainder when 10115 is divided by 265?
45
Calculate the remainder when 44779 is divided by 14909.
52
Calculate the remainder when 47374 is divided by 2152.
30
What is the remainder when 316815 is divided by 22628?
23
Calculate the remainder when 243 is divided by 204.
39
What is the remainder when 10928 is divided by 391?
371
Calculate the remainder when 304320 is divided by 7803.
3
What is the remainder when 23554 is divided by 1071?
1063
Calculate the remainder when 184374 is divided by 1072.
1062
Calculate the remainder when 6295 is divided by 20.
15
Calculate the remainder when 6526 is divided by 1561.
282
What is the remainder when 12611633 is divided by 163?
160
Calculate the remainder when 878 is divided by 364.
150
Calculate the remainder when 9941 is divided by 309.
53
Calculate the remainder when 219549 is divided by 24.
21
Calculate the remainder when 3544 is divided by 435.
64
Calculate the remainder when 3800 is divided by 996.
812
Calculate the remainder when 44320 is divided by 7.
3
Calculate the remainder when 64539 is divided by 93.
90
Calculate the remainder when 1290 is divided by 29.
14
What is the remainder when 12328 is divided by 947?
17
What is the remainder when 70584 is divided by 100?
84
What is the remainder when 21717 is divided by 4?
1
Calculate the remainder when 3553 is divided by 48.
1
Calculate the remainder when 193539 is divided by 51.
45
What is the remainder when 43947 is divided by 2924?
87
What is the remainder when 3859 is divided by 12?
7
Calculate the remainder when 32357 is divided by 104.
13
What is the remainder when 36174 is divided by 195?
99
What is the remainder when 457971 is divided by 9?
6
Calculate the remainder when 1002170 is divided by 19.
15
What is the remainder when 3235 is divided by 2064?
1171
What is the remainder when 2468 is divided by 1500?
968
Calculate the remainder when 51796 is divided by 534.
532
What is the remainder when 10855 is divided by 5294?
267
Calculate the remainder when 22927 is divided by 42.
37
What is the remainder when 2409 is divided by 768?
105
What is the remainder when 809 is divided by 15?
14
What is the remainder when 163448 is divided by 10?
8
Calculate the remainder when 10567 is divided by 1090.
757
Calculate the remainder when 27159 is divided by 236.
19
Calculate the remainder when 7379580 is divided by 431.
429
What is the remainder when 97327 is divided by 82?
75
Calculate the remainder when 6130 is divided by 198.
190
What is the remainder when 13144 is divided by 106?
0
Calculate the remainder when 210697 is divided by 609.
592
Calculate the remainder when 3103 is divided by 55.
23
Calculate the remainder when 24190 is divided by 96.
94
What is the remainder when 15159 is divided by 15141?
18
Calculate the remainder when 9036 is divided by 42.
6
Calculate the remainder when 58734 is divided by 43.
39
What is the remainder when 479 is divided by 156?
11
What is the remainder when 4636983 is divided by 506?
505
What is the remainder when 74203 is divided by 10590?
73
Calculate the remainder when 2349 is divided by 82.
53
What is the remainder when 6305 is divided by 110?
35
Calculate the remainder when 43497 is divided by 56.
41
Calculate the remainder when 1549 is divided by 84.
37
Calculate the remainder when 430 is divided by 11.
1
What is the remainder when 21159 is divided by 7050?
9
Calculate the remainder when 729003 is divided by 236.
235
What is the remainder when 767128 is divided by 390?
388
Calculate the remainder when 3750 is divided by 970.
840
What is the remainder when 1218784 is divided by 1218779?
5
What is the remainder when 4208 is divided by 855?
788
What is the remainder when 29728 is divided by 1193?
1096
Calculate the remainder when 2957 is divided by 271.
247
What is the remainder when 6257 is divided by 168?
41
Calculate the remainder when 2672 is divided by 2382.
290
What is the remainder when 41159 is divided by 21?
20
What is the remainder when 2184 is divided by 151?
70
Calculate the remainder when 21115 is divided by 21105.
10
What is the remainder when 4452 is divided by 134?
30
Calculate the remainder when 40137 is divided by 658.
657
Calculate the remainder when 2571 is divided by 22.
19
What is the remainder when 12066 is divided by 3665?
1071
What is the remainder when 103569 is divided by 51781?
7
Calculate the remainder when 50428 is divided by 826.
42
Calculate the remainder when 60487 is divided by 230.
227
What is the remainder when 15698 is divided by 187?
177
What is the remainder when 40713 is divided by 75?
63
What is the remainder when 24745 is divided by 24725?
20
Calculate the remainder when 425 is divided by 135.
20
Calculate the remainder when 41995 is divided by 1617.
1570
Calculate the remainder when 251994 is divided by 535.
9
Calculate the remainder when 336700 is divided by 31.
9
Calculate the remainder when 251899 is divided by 62973.
7
Calculate the remainder when 16192 is divided by 598.
46
What is the remainder when 875595 is divided by 19?
18
What is the remainder when 65038 is divided by 620?
558
Calculate the remainder when 27066 is divided by 122.
104
Calculate the remainder when 1170928 is divided by 345.
343
What is the remainder when 125929 is divided by 2031?
7
Calculate the remainder when 60597 is divided by 505.
502
Calculate the remainder when 521776 is divided by 6067.
14
Calculate the remainder when 65798 is divided by 332.
62
What is the remainder when 3450597 is divided by 243?
240
Calculate the remainder when 3849 is divided by 24.
9
Calculate the remainder when 47707 is divided by 130.
127
What is the remainder when 20054 is divided by 15?
14
Calculate the remainder when 341339 is divided by 30.
29
Calculate the remainder when 4439 is divided by 1412.
203
Calculate the remainder when 3350 is divided by 79.
32
What is the remainder when 1240 is divided by 614?
12
Calculate the remainder when 26285 is divided by 1186.
193
Calculate the remainder when 390648 is divided by 18.
12
Calculate the remainder when 1209149 is divided by 17.
7
What is the remainder when 72572 is divided by 27?
23
What is the remainder when 138976 is divided by 986?
936
Calculate the remainder when 11001 is divided by 190.
171
What is the remainder when 2612 is divided by 1667?
945
Calculate the remainder when 8605 is divided by 439.
264
Calculate the remainder when 740 is divided by 31.
27
What is the remainder when 33185 is divided by 4694?
327
What is the remainder when 173999 is divided by 53?
0
Calculate the remainder when 1750 is divided by 142.
46
Calculate the remainder when 64058 is divided by 56.
50
What is the remainder when 144717 is divided by 20?
17
Calculate the remainder when 62039 is divided by 151.
129
Wha